{"id":2096,"date":"2021-02-13T15:13:04","date_gmt":"2021-02-13T14:13:04","guid":{"rendered":"http:\/\/firminy-gym.eu\/?page_id=2096"},"modified":"2021-03-04T17:07:44","modified_gmt":"2021-03-04T16:07:44","slug":"les-defis-groupe-gam-de-mouss","status":"publish","type":"page","link":"http:\/\/firminy-gym.eu\/index.php\/les-defis-groupe-gam-de-mouss\/","title":{"rendered":"D\u00e9fi 1 &#8211; Groupe GAM  avec Mouss"},"content":{"rendered":"<h2><strong>Vid\u00e9o 1<\/strong><\/h2>\n<div align=\"center\">\n<div style=\"width: 640px;\" class=\"wp-video\"><!--[if lt IE 9]><script>document.createElement('video');<\/script><![endif]-->\n<video class=\"wp-video-shortcode\" id=\"video-2096-1\" width=\"640\" height=\"360\" loop=\"1\" preload=\"metadata\" controls=\"controls\"><source type=\"video\/mp4\" src=\"http:\/\/firminy-gym.eu\/wp-content\/uploads\/2021\/02\/video_une.mp4?_=1\" \/><a href=\"http:\/\/firminy-gym.eu\/wp-content\/uploads\/2021\/02\/video_une.mp4\">http:\/\/firminy-gym.eu\/wp-content\/uploads\/2021\/02\/video_une.mp4<\/a><\/video><\/div>\n<\/div>\n<h2><strong>Vid\u00e9o 2<\/strong><\/h2>\n<div align=\"center\">\n<div style=\"width: 640px;\" class=\"wp-video\"><video class=\"wp-video-shortcode\" id=\"video-2096-2\" width=\"640\" height=\"360\" loop=\"1\" preload=\"metadata\" controls=\"controls\"><source type=\"video\/mp4\" src=\"http:\/\/firminy-gym.eu\/wp-content\/uploads\/2021\/02\/video_deux.mp4?_=2\" \/><a href=\"http:\/\/firminy-gym.eu\/wp-content\/uploads\/2021\/02\/video_deux.mp4\">http:\/\/firminy-gym.eu\/wp-content\/uploads\/2021\/02\/video_deux.mp4<\/a><\/video><\/div>\n<\/div>\n<h2><strong>Vid\u00e9o 3<\/strong><\/h2>\n<div align=\"center\">\n<div style=\"width: 640px;\" class=\"wp-video\"><video class=\"wp-video-shortcode\" id=\"video-2096-3\" width=\"640\" height=\"360\" loop=\"1\" preload=\"metadata\" controls=\"controls\"><source type=\"video\/mp4\" src=\"http:\/\/firminy-gym.eu\/wp-content\/uploads\/2021\/02\/video_3.mp4?_=3\" \/><a href=\"http:\/\/firminy-gym.eu\/wp-content\/uploads\/2021\/02\/video_3.mp4\">http:\/\/firminy-gym.eu\/wp-content\/uploads\/2021\/02\/video_3.mp4<\/a><\/video><\/div>\n<\/div>\n","protected":false},"excerpt":{"rendered":"<p>Vid\u00e9o 1 Vid\u00e9o 2 Vid\u00e9o 3<\/p>\n","protected":false},"author":3,"featured_media":0,"parent":0,"menu_order":0,"comment_status":"closed","ping_status":"closed","template":"","meta":{"jetpack_post_was_ever_published":false,"footnotes":""},"categories":[31],"tags":[],"class_list":["post-2096","page","type-page","status-publish","hentry","category-mouss"],"jetpack_sharing_enabled":true,"jetpack_shortlink":"https:\/\/wp.me\/P9pxLK-xO","publishpress_future_action":{"enabled":false,"date":"2026-05-14 21:03:22","action":"change-status","newStatus":"draft","terms":[],"taxonomy":"category"},"_links":{"self":[{"href":"http:\/\/firminy-gym.eu\/index.php\/wp-json\/wp\/v2\/pages\/2096"}],"collection":[{"href":"http:\/\/firminy-gym.eu\/index.php\/wp-json\/wp\/v2\/pages"}],"about":[{"href":"http:\/\/firminy-gym.eu\/index.php\/wp-json\/wp\/v2\/types\/page"}],"author":[{"embeddable":true,"href":"http:\/\/firminy-gym.eu\/index.php\/wp-json\/wp\/v2\/users\/3"}],"replies":[{"embeddable":true,"href":"http:\/\/firminy-gym.eu\/index.php\/wp-json\/wp\/v2\/comments?post=2096"}],"version-history":[{"count":22,"href":"http:\/\/firminy-gym.eu\/index.php\/wp-json\/wp\/v2\/pages\/2096\/revisions"}],"predecessor-version":[{"id":2472,"href":"http:\/\/firminy-gym.eu\/index.php\/wp-json\/wp\/v2\/pages\/2096\/revisions\/2472"}],"wp:attachment":[{"href":"http:\/\/firminy-gym.eu\/index.php\/wp-json\/wp\/v2\/media?parent=2096"}],"wp:term":[{"taxonomy":"category","embeddable":true,"href":"http:\/\/firminy-gym.eu\/index.php\/wp-json\/wp\/v2\/categories?post=2096"},{"taxonomy":"post_tag","embeddable":true,"href":"http:\/\/firminy-gym.eu\/index.php\/wp-json\/wp\/v2\/tags?post=2096"}],"curies":[{"name":"wp","href":"https:\/\/api.w.org\/{rel}","templated":true}]}}