{"id":1386,"date":"2020-02-13T10:32:43","date_gmt":"2020-02-13T09:32:43","guid":{"rendered":"http:\/\/firminy-gym.eu\/?page_id=1386"},"modified":"2021-03-04T19:55:23","modified_gmt":"2021-03-04T18:55:23","slug":"championnat-departemental-gam-24-25-01-2020","status":"publish","type":"page","link":"http:\/\/firminy-gym.eu\/index.php\/championnat-departemental-gam-24-25-01-2020\/","title":{"rendered":"Championnat d\u00e9partemental GAM 25-26\/01\/2020"},"content":{"rendered":"<p><span style=\"color: #800080;\"><strong>R\u00e9sultats de la comp\u00e9tition d\u00e9partementale \u00e0 Saint-\u00c9tienne.<\/strong><\/span><\/p>\n<p><span style=\"color: #800080;\">Chez les gar\u00e7ons, une \u00e9quipe de Firminy-Gym a remport\u00e9 le titre en <a href=\"http:\/\/firminy-gym.eu\/wp-content\/uploads\/2020\/02\/Federale-A-10-13-ans-GAM.pdf\" target=\"_blank\" rel=\"noopener noreferrer\"><strong><span style=\"color: #800080;\">cat\u00e9gorie F\u00e9d\u00e9rale A 10-13 ans<\/span><\/strong><\/a>\u00a0: <\/span><br \/>\n<span style=\"color: #800080;\">f\u00e9licitations \u00e0 <strong>Benjamin Russu, Narek Minasyan, Beno\u00eet Moretto, Ilan Khelfane et Arthur Roulet<\/strong>.<\/span><\/p>\n<p><span style=\"color: #800080;\">F\u00e9licitations \u00e9galement \u00e0<strong> Baptiste Montmartin\u00a0 <\/strong>titr\u00e9 en<a style=\"color: #800080;\" href=\"http:\/\/firminy-gym.eu\/wp-content\/uploads\/2020\/02\/Nationale-B-16-17-ans-GAM.pdf\" target=\"_blank\" rel=\"noopener noreferrer\"><strong> Individuel Nationale B 16-17 ans<\/strong><\/a>.<\/span><\/p>\n<p>&nbsp;<\/p>\n<p><span style=\"color: #ff0000;\"><strong>Les r\u00e9sultats complets \u00e0 t\u00e9l\u00e9charger :<\/strong><\/span><\/p>\n<p><img data-recalc-dims=\"1\" loading=\"lazy\" decoding=\"async\" class=\"size-medium wp-image-1418 alignnone\" src=\"https:\/\/i0.wp.com\/firminy-gym.eu\/wp-content\/uploads\/2020\/02\/R\u00e9sultats-FGYM.png?resize=300%2C45\" alt=\"\" width=\"300\" height=\"45\" srcset=\"https:\/\/i0.wp.com\/firminy-gym.eu\/wp-content\/uploads\/2020\/02\/R\u00e9sultats-FGYM.png?resize=300%2C45 300w, https:\/\/i0.wp.com\/firminy-gym.eu\/wp-content\/uploads\/2020\/02\/R\u00e9sultats-FGYM.png?w=730 730w\" sizes=\"(max-width: 300px) 100vw, 300px\" \/> <img data-recalc-dims=\"1\" loading=\"lazy\" decoding=\"async\" class=\"size-medium wp-image-1421 alignright\" src=\"https:\/\/i0.wp.com\/firminy-gym.eu\/wp-content\/uploads\/2020\/02\/R\u00e9sultats-FGYM-ind.png?resize=300%2C42\" alt=\"\" width=\"300\" height=\"42\" srcset=\"https:\/\/i0.wp.com\/firminy-gym.eu\/wp-content\/uploads\/2020\/02\/R\u00e9sultats-FGYM-ind.png?resize=300%2C42 300w, https:\/\/i0.wp.com\/firminy-gym.eu\/wp-content\/uploads\/2020\/02\/R\u00e9sultats-FGYM-ind.png?resize=1024%2C145 1024w, https:\/\/i0.wp.com\/firminy-gym.eu\/wp-content\/uploads\/2020\/02\/R\u00e9sultats-FGYM-ind.png?resize=768%2C109 768w, https:\/\/i0.wp.com\/firminy-gym.eu\/wp-content\/uploads\/2020\/02\/R\u00e9sultats-FGYM-ind.png?w=1159 1159w\" sizes=\"(max-width: 300px) 100vw, 300px\" \/><\/p>\n<p><a href=\"http:\/\/firminy-gym.eu\/wp-content\/uploads\/2020\/02\/Nationale-A-10-ans-GAM.pdf\" target=\"_blank\" rel=\"noopener noreferrer\">Nationale A 10 ans GAM<\/a><\/p>\n<p><a href=\"http:\/\/firminy-gym.eu\/wp-content\/uploads\/2020\/02\/Nationale-B-12-ans-et-plus-GAM.pdf\">Nationale B 12 ans et plus GAM<\/a><\/p>\n<p><span style=\"color: #800080;\"><a href=\"http:\/\/firminy-gym.eu\/wp-content\/uploads\/2020\/02\/Nationale-B-16-17-ans-GAM.pdf\" target=\"_blank\" rel=\"noopener noreferrer\">Nationale B 16-17 ans GAM<\/a><\/span><\/p>\n<p><a href=\"http:\/\/firminy-gym.eu\/wp-content\/uploads\/2020\/02\/Regionale-7-ans-GAM.pdf\" target=\"_blank\" rel=\"noopener noreferrer\">R\u00e9gionale 7 ans GAM<\/a><\/p>\n<p><a href=\"http:\/\/firminy-gym.eu\/wp-content\/uploads\/2020\/02\/Regionale-7-9-ans-GAM.pdf\" target=\"_blank\" rel=\"noopener noreferrer\">R\u00e9gionale 7-9 ans GAM<\/a><\/p>\n<p><a href=\"http:\/\/firminy-gym.eu\/wp-content\/uploads\/2020\/02\/Federale-A-10-11-ans-GAM.pdf\" target=\"_blank\" rel=\"noopener noreferrer\">F\u00e9d\u00e9rale A 10-11 ans GAM<\/a><\/p>\n<p><a href=\"http:\/\/firminy-gym.eu\/wp-content\/uploads\/2020\/02\/Federale-A-10-13-ans-GAM.pdf\" target=\"_blank\" rel=\"noopener noreferrer\">F\u00e9d\u00e9rale A 10-13 ans GAM<\/a><\/p>\n<p><a href=\"http:\/\/firminy-gym.eu\/wp-content\/uploads\/2020\/02\/Federale-B-10-13-ans-GAM.pdf\" target=\"_blank\" rel=\"noopener noreferrer\">F\u00e9d\u00e9rale B 10-13 ans GAM<\/a><\/p>\n","protected":false},"excerpt":{"rendered":"<p>R\u00e9sultats de la comp\u00e9tition d\u00e9partementale \u00e0 Saint-\u00c9tienne. Chez les gar\u00e7ons, une \u00e9quipe de Firminy-Gym a remport\u00e9 le titre en cat\u00e9gorie F\u00e9d\u00e9rale A 10-13 ans\u00a0: f\u00e9licitations [&#8230;]<\/p>\n","protected":false},"author":3,"featured_media":0,"parent":0,"menu_order":0,"comment_status":"closed","ping_status":"closed","template":"","meta":{"jetpack_post_was_ever_published":false,"footnotes":""},"categories":[],"tags":[],"class_list":["post-1386","page","type-page","status-publish","hentry"],"jetpack_sharing_enabled":true,"jetpack_shortlink":"https:\/\/wp.me\/P9pxLK-mm","publishpress_future_action":{"enabled":false,"date":"2026-04-22 01:37:59","action":"change-status","newStatus":"draft","terms":[],"taxonomy":"category"},"_links":{"self":[{"href":"http:\/\/firminy-gym.eu\/index.php\/wp-json\/wp\/v2\/pages\/1386"}],"collection":[{"href":"http:\/\/firminy-gym.eu\/index.php\/wp-json\/wp\/v2\/pages"}],"about":[{"href":"http:\/\/firminy-gym.eu\/index.php\/wp-json\/wp\/v2\/types\/page"}],"author":[{"embeddable":true,"href":"http:\/\/firminy-gym.eu\/index.php\/wp-json\/wp\/v2\/users\/3"}],"replies":[{"embeddable":true,"href":"http:\/\/firminy-gym.eu\/index.php\/wp-json\/wp\/v2\/comments?post=1386"}],"version-history":[{"count":9,"href":"http:\/\/firminy-gym.eu\/index.php\/wp-json\/wp\/v2\/pages\/1386\/revisions"}],"predecessor-version":[{"id":1431,"href":"http:\/\/firminy-gym.eu\/index.php\/wp-json\/wp\/v2\/pages\/1386\/revisions\/1431"}],"wp:attachment":[{"href":"http:\/\/firminy-gym.eu\/index.php\/wp-json\/wp\/v2\/media?parent=1386"}],"wp:term":[{"taxonomy":"category","embeddable":true,"href":"http:\/\/firminy-gym.eu\/index.php\/wp-json\/wp\/v2\/categories?post=1386"},{"taxonomy":"post_tag","embeddable":true,"href":"http:\/\/firminy-gym.eu\/index.php\/wp-json\/wp\/v2\/tags?post=1386"}],"curies":[{"name":"wp","href":"https:\/\/api.w.org\/{rel}","templated":true}]}}